125 - 191. What is u(f)?
-3
Let w(x) = x**2 + 9*x + 24. Let t be w(-6). Suppose 2*v - 56 = -t*v. Let u(h) = -4*h + 7. What is u(v)?
-21
Let l(n) be the third derivative of n**6/120 - 17*n**5/60 + 5*n**4/8 + 25*n**3/6 + n**2 - 1370. What is l(16)?
9
Let u(f) = -78*f - 11 + 46*f + 33*f. Suppose -3*a = -4*z - 32, 0 = a - 3*z + 2*z - 11. Determine u(a).
1
Let v(d) = d**2 - 5*d + 4. Let z(p) = 4*p**2 - 53*p - 25. Let x(o) = -6*v(o) + z(o). Determine x(-3).
2
Let b(m) be the second derivative of m**5/10 - 10*m**4/3 + m**3/6 - 21*m**2/2 + 8582*m. Calculate b(20).
-1
Let u(j) = -j**2 + 11*j - 14. Suppose 2*i + 3*f + 9 = 0, -15*f + 11*f = -3*i + 29. Suppose 3*w + 4*x = 22, -x + 6 = i*w - 22. What is u(w)?
-4
Let m = 232 - 219. Let v(r) = -2*r - 20. Let u(j) = -7*j - 59. Let a(k) = -6*u(k) + 17*v(k). Let o(b) = -4*b - 7. Let q(f) = m*o(f) + 6*a(f). Determine q(-5).
13
Let d(s) = -71 + 2*s + 6*s - s**3 - 6*s + 164 + 4*s**2 - 98. Determine d(0).
-5
Let g(o) be the second derivative of -o**5/40 + o**4/24 - o**3/6 - 47*o. Let c(b) be the second derivative of g(b). Calculate c(7).
-20
Suppose 5*x + p - 33 = 0, 4*x - x - p = 15. Let k(l) be the third derivative of l**6/120 - l**5/10 + 7*l**4/24 + l**3/2 + 193*l**2 + l. Determine k(x).
45
Let v(m) be the first derivative of m**7/840 + 7*m**6/360 + m**5/15 + 7*m**4/24 - m**3/3 + 7*m - 179. Let g(a) be the third derivative of v(a). Determine g(-6).
-5
Let s(m) = 2*m - 1. Let h be (2 + 1)*(2 - 1)/(-1). Let r(y) = 7*y - 3. Let q(b) = h*s(b) + r(b). Calculate q(3).
3
Suppose -f - 11 = -2. Let q(i) = 3*i**2 + 35*i - 52. Let c be q(-13). Let m(y) = 7 + c - y**2 + 3 + 5 - 7*y - 3. What is m(f)?
-6
Let b(o) = o**3 + 5*o**2 - 13*o + 7. Suppose 0 = -21*r - 432 - 372 + 657. Calculate b(r).
0
Let u(h) = 2*h**2 - h - 5. Let v(w) = w**3 - 13*w**2 + 17*w + 63. Let y(q) = 13*u(q) + v(q). Calculate y(-12).
94
Let h = -13635 - -13605. Let p(a) = a**3 + 30*a**2 - a - 34. Determine p(h).
-4
Let u(d) = d**2 + 14*d + 12. Let h(j) = 13*j**2 + 120*j + 13. Let f be h(-9). Give u(f).
12
Suppose 0 = 24*b - 36*b + 60. Suppose 3*i + 9 = 0, 6*i - 8*i = b*h + 41. Let y(w) = -w - 9. Determine y(h).
-2
Let q be 12/(-8 - -5) - -4. Let r be 4/(-10) + 6/(-10) + q. Let g(d) = -d**2 + 7*d + 2. Let b(s) = -s**2 + 4*s + 1. Let u(p) = 5*b(p) - 3*g(p). Determine u(r).
-2
Let c(l) be the first derivative of l**3/3 + 7*l**2/2 - 10*l - 841. Calculate c(-7).
-10
Let w(a) = -447*a - 3573. Let r be w(-8). Let l = 5 - 1. Let o(z) = 1 + l*z - 1 + 1. Determine o(r).
13
Let q(j) be the third derivative of -j**3 + 0*j - 1/4*j**4 - 60*j**2 + 0. Calculate q(5).
-36
Let a(m) = m**2 - m + 1. Let o(w) = 5. Let z(b) = a(b) - o(b). Suppose -1192 = 7*q - 289. Let n = q + 126. Calculate z(n).
8
Let t(d) = d + 12. Let i(s) = -551*s + 3847. Let m be i(7). Give t(m).
2
Let a(y) = -1 + 2 + y**3 + 0 + 10*y**2 + 16*y. Let r(s) = -458*s + 28846. Let i be r(63). Determine a(i).
1
Let v(s) be the third derivative of -5*s**4/6 + 8*s**3/3 - s**2 - 441. What is v(-3)?
76
Let i = 160 - 136. Let m(f) = -15 - f - 4 + i. Give m(0).
5
Let i(f) = 5*f - 5. Let t(q) = 122 - 5*q - 59 + q - 57. Let m(u) = -5*i(u) - 6*t(u). Determine m(-5).
-6
Let c(u) be the third derivative of 3*u**4/8 + u**3/6 + 2*u**2. Let p(l) = 14*l - 20. Let j be p(-4). Let t = j - -74. Determine c(t).
-17
Suppose -14 + 8 = -v. Let h(t) be the first derivative of t**4/4 - 7*t**3/3 + 7*t**2/2 - 6*t + 46. What is h(v)?
0
Let p(k) be the second derivative of 5*k**4/2 - k**2/2 - 208*k + 2. What is p(-1)?
29
Let r(k) = 8*k**2 + 66*k + 72. Suppose 4*o = x - 17, 9*x - 10*x + 23 = -5*o. Calculate r(x).
2
Let i(j) = -4*j**2 + 3 + 2*j - 2*j. Let g(b) = -3*b**2 - b + 4. Let d(w) = -w**2 + 96*w - 276. Let r be d(93). Let t(m) = r*g(m) - 2*i(m). What is t(-5)?
-4
Let i(k) = -143*k**2 + 7*k**2 + 5 + 2*k + 9*k**2 + 8*k**2 + 103*k**2 + 15*k**2. Suppose 0*w + 16 = 2*w. Give i(w).
-43
Let m(p) be the second derivative of p**6/360 + p**5/40 - 7*p**4/24 - 2*p**3/3 - 3*p**2/2 + 33*p. Let c(n) be the second derivative of m(n). Give c(-5).
3
Suppose -i + 20 + 6 = 3*k, -4*k + 48 = -2*i. Let l(v) = -6*v + 27 - 5*v + k*v. Determine l(0).
27
Let x be -2 + -202 - (8 + -6). Let o be (x/2 - 2)*1. Let m be 135/o - (-2)/7. Let f(l) = 5*l. Determine f(m).
-5
Let v(o) be the second derivative of o**4/24 + 2*o**3 + 91*o**2/2 + 4*o - 22. Let c(l) be the first derivative of v(l). Determine c(-6).
6
Let o = 6046 - 6042. Let f(i) be the first derivative of i**2 - 6*i - 1/4*i**o + 17 + 2*i**3. Determine f(6).
6
Let t(c) be the first derivative of -c**4/4 + c**3/3 + c**2/2 - 10*c + 1. Let a(l) = 305*l - 2*l**2 + 48 - 616*l + 315*l. Let u be a(6). Give t(u).
-10
Let w be ((-6)/(-24) - -2)/(18/96). Suppose 3*x - 4 = 14. Let m = w - x. Let h(t) = -t**2 + 7*t - 6. Determine h(m).
0
Let c(o) = -2*o + 35. Let t = 10128 - 10115. Determine c(t).
9
Let u = -241 - -236. Let r(c) = 2*c**2 - 5*c + 5. Let s(z) = 5*z**2 - 9*z + 8. Let p(d) = u*r(d) + 3*s(d). Give p(-1).
6
Let j(z) = -34*z - 30*z + 90*z + 6*z**2 - 33*z + z**3 - 11*z**2. Determine j(6).
-6
Let l(r) = -61*r + 31. Let m(y) = -495*y + 250. Let a(w) = 65*l(w) - 8*m(w). Give a(1).
10
Let d(o) = 2*o**2 + 64*o + 127. Suppose -22*y - 132 = 30*y + 14*y. Give d(y).
7
Let y(s) = s + 4. Let k = -15 - -26. Let p(g) = -19 + g - 4*g + 9*g - 5*g. Let q be p(k). Calculate y(q).
-4
Let y(q) = -q**3 + 5*q**2 + 4*q + 6. Let l(z) = 3*z**3 - 2*z**2 + 2*z - 2. Let r be l(2). Suppose 5*g - 30 = f, -r = -3*g - 3*f + 7*f. Calculate y(g).
-6
Let s(l) = 2*l**2 + 31*l - 19. Let g(r) = 3*r**2 - 117*r + 999. Let z be g(13). Determine s(z).
-34
Let q(h) = -h**3 + 4*h**2 + 6*h + 1. Suppose -27*j = -26*j - 2. Suppose -l - j*m + 5 = 0, -8*m + 4*m - 20 = -4*l. Calculate q(l).
6
Let w be 28/(-13) + -9 + 2380/260. Suppose 6*q - 2*q - 4 = 0. Let z be ((q/w)/(5/(-40)))/2. Let m(n) = n + 1. Determine m(z).
3
Let f(z) = -11*z**2 + 8*z - 2. Suppose -8*i - 6 + 54 = 0. Let o(t) = -13*t**2 + 9*t - 3. Let g(m) = i*f(m) - 5*o(m). Calculate g(7).
-25
Let y(w) = w**2 - 5*w - 1. Let t be 74/(-6)*(-6)/(-2). Let u(f) = -f**3 - 3*f**2 - 70*f - 254. Let r be u(-4). Let o = r + t. What is y(o)?
-1
Let s(k) = 2*k. Let c = 31 + -41. Let m = 31 - c. Suppose -6 = 42*q - m*q. What is s(q)?
-12
Let i(z) be the third derivative of -z**5/30 + z**4/4 - z**3/3 - 54*z**2 + 28. Calculate i(5).
-22
Let j(r) = 2*r**3 + 7*r**2 + 7*r - 2. Suppose 0 = 5*s - 5*w - 15, 0 = 5*s + w + 113 - 92. Calculate j(s).
-14
Let y(c) = -c**3 + c**2 + 4*c - 2. Suppose 1012*l - 1080*l = 0. Determine y(l).
-2
Suppose 12*q - 9*q = 0. Suppose u = 5*s + 266, -s = -q*s + 3*u + 66. Let r = s - -54. Let t(h) = h**2 + h - 9. Calculate t(r).
-9
Let s(a) = 6*a - 2. Let y = -131 + 133. Suppose -11*p - y*p + 65 = 0. Give s(p).
28
Let x(o) = -3*o + 100. Let t be x(32). Let l(a) = 19*a**2 - a + 9. Let m(c) = 10*c**2 - c + 5. Let p(i) = t*l(i) - 7*m(i). Calculate p(-2).
19
Let j(d) = -d**2 - 12*d + 32. Let f be j(-14). Let o(t) be the first derivative of -t**3 - 1 + 2 + 4*t**3 + t - t**2 - f*t**3. What is o(-2)?
-7
Let n(l) be the first derivative of -2*l**3/3 + 19*l**2 - 160*l + 1543. Give n(5).
-20
Let j = -90 + 61. Let q = j - -27. Let c be ((-30)/75)/(q/20). Let y(v) = -v**2 + 2*v - 1. What is y(c)?
-9
Let w(c) = -4*c**2 - 4*c - 15. Let o(j) be the second derivative of 5*j**4/12 + j**3/2 + 17*j**2/2 - 11*j + 6. Let h(r) = 3*o(r) + 4*w(r). Determine h(-7).
-9
Let a(n) = n + 3*n**2 - 3*n - 98*n**3 - 27*n**3 + 129*n**3 + 4 - 2*n**2. Determine a(2).
36
Let i(k) = -1 + 0 + 2*k - 11*k + 3*k. Let c = 143 - 144. Determine i(c).
5
Let q(o) = o**3 + 7*o**2 + 2. Let r be q(-7). Let n(y) = 0*y + r*y + 3*y**2 + 4*y**2 - y**3 - 6 - 3*y**2. Calculate n(4).
2
Suppose -2*g + 26 = 2*x, 2*g = -5*x + 7*g + 65. Let b = -10 - -13. Let v(r) = 11 + x + b*r + r - 23. Determine v(1).
5
Let t be 5/2 + (-30)/20. Let q(m) = t - 21*m + 59*m - 31*m. Determine q(-4).
-27
Let v = -4 - -2. Let s(y) = -35*y - 34. Let d(p) = -9*p - 9. Let k(i) = 15*d(i) - 4*s(i). Give k(v).
-9
Let o(q) = q**2 - 66*q - 287. Let k be o(70). Let p(a) = 12*a + 44. Determine p(k).
-40
Let q(a) = 3*a - 9. Let p be (-90)/(-225)*100/(-8). Give q(p).
-24
Suppose 103 = -6*w - 1733. Let q = -312 - w. Let u(r) = 2*r - 1. Calculate u(q).
-13
Let x = -21 - -12. Let i(f)